e
Is (-3)/(75/(-13045)) + (-16)/20 a prime number?
True
Let n = -2926 - -13353. Is n composite?
False
Let s(n) = 50*n + 3. Suppose 0 = w - 3*w - 16. Let f be 2/w + (-18)/(-8). Is s(f) a prime number?
True
Suppose -7*f + 1488 = -6*f. Suppose 4*k = 4*j + f, k - j + 4*j - 392 = 0. Suppose -u + 3*u - k = -3*m, -743 = -4*u + 5*m. Is u prime?
False
Let x = -12 + 14. Let t be -291*(1 + 0)*x. Let k = -371 - t. Is k a prime number?
True
Let s be 15*1/3*2. Suppose 0*i + 15 = 5*i, -5*d - s = 5*i. Let l(n) = -11*n + 4. Is l(d) a prime number?
True
Let i(l) be the third derivative of -l**6/120 + l**4/24 + 35*l**3/6 - 6*l**2. Suppose 0 = -0*s + s - 4*s. Is i(s) prime?
False
Suppose -2*f + 12 = 3*d, -3*f - 16 = -2*d - 2*d. Suppose l = -f*l + 5. Suppose -l*n + 595 = 5*v, 0*n + 2*n = 5*v - 567. Is v a prime number?
False
Let w(f) = f**3 - f**2 - 3*f - 4. Let o be w(3). Suppose 4*u + 2 = 2*x, -o*x = -3*u - 8 - 11. Suppose u*q = q + 83. Is q a prime number?
True
Let u(i) = i**2 + 9*i - 4. Let b be u(-10). Suppose b*s - 7*s + 289 = 0. Is s a prime number?
False
Let g = 6541 - 3858. Is g a composite number?
False
Suppose -3*u - 4 = -46. Let d = 16 - u. Suppose 5*r + 420 = 5*i, -d*i + 5*r - 79 = -262. Is i prime?
True
Let y = 12 - -8. Let m be (y/(-12))/(2/(-210)). Suppose m = 6*p - p. Is p prime?
False
Let u be (-3 - 156/(-54)) + 1054/9. Let o = u - -16. Is o a composite number?
True
Suppose -934*z = -942*z + 23704. Is z composite?
False
Suppose 11*v - 16 - 6 = 0. Suppose -v*y = 4*a - 5676, a + y - 4255 = -2*a. Is a a composite number?
True
Let v be (-16)/6*3/(-2). Suppose -v*c - 623 - 65 = 0. Let h = c - -306. Is h a prime number?
False
Suppose -6*j - 15 = -3*y - j, 15 = -4*y - 5*j. Is 210 + 1 - y*(-2)/6 a composite number?
False
Let f be 3098/(-4) - (-3)/6. Let k be (f/30)/((-2)/20). Suppose -5*d - 3*z = -329, d + k = 5*d + 5*z. Is d prime?
True
Let t(k) = 36*k + 5. Suppose 3*v - 8 = v. Let h = 7 - v. Is t(h) a composite number?
False
Let z(a) be the second derivative of -a**3/6 - 15*a**2/2 - 4*a. Let b be z(-11). Is b*2/(-8) + 82 a composite number?
False
Let b be ((1112/(-2))/(-4))/(-1). Let o = b - -245. Suppose a - o = -5*y, 0 = 4*y - 5*a - 48 - 31. Is y a prime number?
False
Let l(v) = 10*v**3 - 10*v**2 - 40*v + 193. Is l(9) composite?
True
Let p(r) = 47*r**3 + 3*r**2 - 12*r + 91. Is p(5) a composite number?
False
Let i = 124 - 122. Suppose 4*g + i*g - 25206 = 0. Is g a prime number?
True
Let c be 4066 - (0 - (-3)/3). Suppose -c = 9*n - 4*n. Let f = -76 - n. Is f a composite number?
True
Let d = 135 - -196. Suppose -5*o + 6*o - d = 0. Is o a prime number?
True
Suppose -14*s + 0 = 42. Is ((-3)/(-3))/(s/(-1443)) prime?
False
Suppose -5*j + 9 = -1, -39 = -t - j. Is t a prime number?
True
Let h = -5062 - -9021. Is h a composite number?
True
Suppose -v - 5*s = 2*v - 7, -15 = -5*v - 5*s. Suppose f - o - 2991 = 0, o + 0 = v. Is f prime?
False
Suppose 5*a = -2*c - 9, 5*c + 0*a - a = 18. Suppose -3*s + 873 = -6*d + c*d, 2*s = -d + 576. Suppose s + 126 = 5*t. Is t prime?
True
Suppose 4*o - 3*o = 8. Let t be 84/(-10) + o/20. Is t/(-12) - 1171/(-3) a composite number?
True
Let r = 11 - -1. Suppose -r = -4*v + v. Suppose 15 + 0 = -5*k, -v*u + 4*k + 28 = 0. Is u prime?
False
Suppose 4040 = l + l. Suppose -2*n - 4*u = -l, 5*n - 2*n - 3016 = u. Suppose -4*r + 5*m + n = -0*m, -260 = -r - 3*m. Is r composite?
True
Let b(p) = p**2 + 18*p + 51. Let x be b(-13). Suppose 5*l - 4*u - 29 - 18 = 0, -5*l = -3*u - 44. Is 1339/l - x/(-49) prime?
True
Is (67508/7)/(2 + 2) prime?
True
Suppose -4*s + 21619 = 3*l, -1204 = 4*l + 2*s - 30026. Is (-1)/2 - l/(-22) prime?
False
Suppose 7*z - 1974 - 273 = 0. Is z prime?
False
Let n(v) = 45*v**3 - 14*v**2 + 29*v + 81. Is n(11) composite?
False
Let r(q) = 130*q**2 - 68*q + 5. Is r(16) a composite number?
True
Let g = -3299 - -13876. Is g a composite number?
True
Let z(s) = s**2 - 7*s - 14. Let n(m) = 7*m + 1. Let h be n(1). Let p be z(h). Is (-4)/p - (-9381)/9 a prime number?
False
Suppose 330 = -0*n + 2*n + 4*a, 0 = 4*n - 4*a - 648. Suppose -5*d = -n - 2182. Is d a prime number?
False
Suppose -v + 0*v + 19 = 2*l, -9 = 3*v. Let f(j) = 17*j - 64*j**2 - 4*j + 69*j**2 - l. Is f(16) a composite number?
True
Let t(k) = k**2 + 6*k + 7. Let h(m) = -m**2 + 16*m - 18. Let u be h(13). Let q = u - 29. Is t(q) a composite number?
False
Suppose -36*f = -33*f - 2487. Is f prime?
True
Let u(z) = -17*z**2 + 18. Let a = 8 - 2. Let n(b) = -8*b**2 + 9. Let y(m) = a*u(m) - 13*n(m). Is y(7) a prime number?
True
Suppose 2*x = -n + 1237, 7 + 18 = -5*x. Let k = n - 778. Suppose 3*d + 4*a = -d + 1924, -k = -d + 5*a. Is d a composite number?
False
Let n(s) = 39*s**2 - 15*s - 2. Let m(v) = -59*v**2 + 23*v + 3. Let r(a) = 5*m(a) + 8*n(a). Let u = 42 + -36. Is r(u) prime?
False
Let g(n) = n**2 - 9*n + 12. Let o = -24 - -32. Let k be g(o). Suppose -w + 261 = -2*z, -4*w + 0*z - k*z + 1032 = 0. Is w composite?
True
Suppose 3*l + 4*j - 28854 = -2*l, 0 = 2*l - 3*j - 11560. Is l prime?
False
Let w be 2/10 - 3/15. Suppose q - 85 = -w*q. Is q a composite number?
True
Is 64074/8 - 24/96 a prime number?
True
Is -6 + 2/4*263098 composite?
False
Let a(b) = b**3 - 5*b**2 - b - 7. Let o be a(5). Suppose -3*h + 35 = 110. Let q = o - h. Is q a composite number?
False
Let s = -17 - -21. Is s + -2 + 1 - -254 a composite number?
False
Let j(g) = -81*g - 5. Let w(c) = 244*c + 16. Let h(m) = 7*j(m) + 2*w(m). Let k(i) = -158*i - 5. Let b(l) = 5*h(l) - 3*k(l). Is b(1) a prime number?
True
Suppose 0*s + 9809 = s. Is s a prime number?
False
Let g(y) = 14*y + 16*y + 12*y - y - 24. Is g(11) composite?
True
Is (-3437 + 4)/(11 - 12) prime?
True
Suppose s - 23082 = -2*p - 4324, -46895 = -5*p + 4*s. Is p composite?
True
Let u(v) = 7*v + 90. Let n be u(-14). Let f(r) = r**2 + 2*r - 1. Let x be f(1). Is x/n + (-1268)/(-16) a prime number?
True
Let l(b) = -5*b**3 - 18*b**2 + 23*b - 19. Let a(i) = i**3 + i**2. Let h(x) = -6*a(x) - l(x). Is h(9) prime?
False
Suppose 5*d + 8 = 9*d. Suppose 2*f = -7 - 3, 3*i + d*f = 995. Is i prime?
False
Let n(s) = -201*s - 59. Is n(-40) prime?
False
Suppose 4*f + 2 = 5*f. Suppose l - 5*k - 12 = 22, f*l - 5*k = 68. Is l a composite number?
True
Suppose 10*c - 5*c = 64245. Is c a prime number?
False
Let l(h) = 34*h**2 + 6*h - 11. Let q be (-38)/(-8) - 2/(-8). Let y be l(q). Suppose 2*s - y = s. Is s prime?
False
Let z(y) = -3*y + 84. Let j be z(25). Suppose -7*m - 98 = -j*m. Is m a composite number?
True
Let t = 7305 - -149. Is t a prime number?
False
Let n(y) = -y**3 + 5*y + 415. Let j be n(0). Suppose -10 = -3*a - 5*b, 0 = -4*a - 4*b + 3 + 5. Suppose a = 2*f + 3*f - j. Is f a composite number?
False
Let q(x) = -x**3 - 3*x**2 + 10*x + 3. Let n be q(-5). Suppose -8*i = -n*i. Suppose -g + 5*g + 20 = i, 5*g = -o + 98. Is o prime?
False
Suppose 2 = -4*r + 6*r. Let l(d) = 31*d**2 - d + 1. Is l(r) prime?
True
Suppose w = 4*x - 15, 3*x - 6*x - w = -6. Suppose -x*u + 2 = -3*p - 5*u, 4*u + 4 = 0. Suppose -3*z + 483 = -p*z. Is z a prime number?
False
Let j be 10/(-45)*-10473*(2 + -5). Is (-6)/(36/j) - 4/6 prime?
True
Suppose -3463 = 99*k - 100*k. Is k a prime number?
True
Let v = -11 + 11. Let w(l) = v + 2*l**2 + 0 + 4*l**2 + 1. Is w(-3) prime?
False
Let r = -6336 - -10631. Is r a prime number?
False
Let o(t) = 6*t + 1. Let f = -10 + 25. Is o(f) a prime number?
False
Suppose 0 = -5*a - 5*v + 775, -137 - 318 = -3*a - 5*v. Suppose 0 = 3*n - a - 17. Is n a prime number?
True
Suppose 235547 = 17*u - 4*u. Is u prime?
True
Suppose 5*r - 63 = -2*z, 3*z = 3*r - 0*z - 42. Let q = r + 25. Is q composite?
True
Let d(o) = 14*o**2 - 4. Let n be d(-7). Let w = n + -103. Is w prime?
False
Let q = -93 - -96. Suppose 96 = q*k - 3. Is k a prime number?
False
Suppose 0 = -39*y - 50*y + 1730605. Is y composite?
True
Suppose 3*s + 2*s + 90 = 0. Let v be ((-2)/4)/((-9)/s). Let o(a) = -672*a - 1. Is o(v) composite?
True
Suppose 24*n - 132 = 20*n. Let k = -36 + n. Is (((-474)/k)/(-1))/(-2) composite?
False
Let y = 692 - 1582. Let r = y + 1569. Is r a composite number?
True
Suppose 5*i = 134 - 14. Is (661 - -1)/(i/12) a prime number?
True
Suppose 0 = 83*y - 77*y. Suppose -3960 = -6*q + q - 5*s, 4*q + 5*s - 3173 = y. Is q composite?
False
Suppose 0*a + 4*a - 62 = -3*w, 3*a = 3*w - 27. Let d = 16 - w. Is 65 +